{"id":32,"date":"2020-10-16T23:19:18","date_gmt":"2020-10-16T23:19:18","guid":{"rendered":"http:\/\/www.chojnackanaskret.pl\/?page_id=32"},"modified":"2025-01-16T13:48:43","modified_gmt":"2025-01-16T13:48:43","slug":"doradztwo-i-coaching","status":"publish","type":"page","link":"https:\/\/www.chojnackanaskret.pl\/index.php\/doradztwo-i-coaching\/","title":{"rendered":"Coaching, Mentoring, Outplacement"},"content":{"rendered":"\n<p>W trakcie indywidualnych spotka\u0144 coachingowych, mentoringowych i outplacementowych wspieram moich klient\u00f3w w obszarze rozwoju. Posiadam certyfikat VCC Coaching &#8211; Professional Coach. Pracuj\u0119 zgodnie z kodeksem etycznym i standardami ICF \u2013 International Coach Federation. Spotkania prowadz\u0119 bezpo\u015brednio oraz on-line.<\/p>\n\n\n\n<ul class=\"wp-block-list\">\n<li>Doradzam w poruszaniu si\u0119 po rynku pracy, poszukiwaniu zawodowego powo\u0142ania, r\u00f3wnowagi \u017cyciowej oraz spe\u0142nienia w pracy zawodowej.<\/li>\n\n\n\n<li>Wspieram w rozwoju kompetencji mi\u0119kkich takich jak: komunikacja, radzenie sobie ze stresem i budowanie dobrostanu, wsp\u00f3\u0142praca oraz przyw\u00f3dztwo.<\/li>\n\n\n\n<li>Pomagam w opracowaniu CV i przygotowaniu do rozmowy rekrutacyjnej. <\/li>\n\n\n\n<li>Wspieram w diagnozowaniu mocnych stron i predyspozycji zawodowych  m.in. w oparciu o koncepcj\u0119 Clifton Strengths (Talenty Gallupa).<\/li>\n<\/ul>\n\n\n\n<p><\/p>\n\n\n\n<p>Pracuj\u0119 z osobami doros\u0142ymi oraz z m\u0142odzie\u017c\u0105 (od 17 roku \u017cycia).<\/p>\n\n\n\n<p>Cena godzinnej sesji indywidualnej online: 250 z\u0142 (dla klienta indywidualnego) lub 800 z\u0142 (dla klienta biznesowego).<\/p>\n\n\n\n<figure class=\"wp-block-image size-large\"><img loading=\"lazy\" decoding=\"async\" width=\"1024\" height=\"768\" src=\"https:\/\/www.chojnackanaskret.pl\/wp-content\/uploads\/2024\/01\/P1372899-1024x768.jpg\" alt=\"\" class=\"wp-image-348\" srcset=\"https:\/\/www.chojnackanaskret.pl\/wp-content\/uploads\/2024\/01\/P1372899-1024x768.jpg 1024w, https:\/\/www.chojnackanaskret.pl\/wp-content\/uploads\/2024\/01\/P1372899-300x225.jpg 300w, https:\/\/www.chojnackanaskret.pl\/wp-content\/uploads\/2024\/01\/P1372899-768x576.jpg 768w, https:\/\/www.chojnackanaskret.pl\/wp-content\/uploads\/2024\/01\/P1372899-1536x1152.jpg 1536w, https:\/\/www.chojnackanaskret.pl\/wp-content\/uploads\/2024\/01\/P1372899-2048x1536.jpg 2048w\" sizes=\"auto, (max-width: 767px) 89vw, (max-width: 1000px) 54vw, (max-width: 1071px) 543px, 580px\" \/><\/figure>\n","protected":false},"excerpt":{"rendered":"<p>W trakcie indywidualnych spotka\u0144 coachingowych, mentoringowych i outplacementowych wspieram moich klient\u00f3w w obszarze rozwoju. Posiadam certyfikat VCC Coaching &#8211; Professional Coach. Pracuj\u0119 zgodnie z kodeksem etycznym i standardami ICF \u2013 International Coach Federation. Spotkania prowadz\u0119 bezpo\u015brednio oraz on-line. Pracuj\u0119 z osobami doros\u0142ymi oraz z m\u0142odzie\u017c\u0105 (od 17 roku \u017cycia). Cena godzinnej sesji indywidualnej online: 250 &hellip; <\/p>\n<p class=\"link-more\"><a href=\"https:\/\/www.chojnackanaskret.pl\/index.php\/doradztwo-i-coaching\/\" class=\"more-link\">Czytaj dalej<span class=\"screen-reader-text\"> \u201eCoaching, Mentoring, Outplacement\u201d<\/span><\/a><\/p>\n","protected":false},"author":1,"featured_media":68,"parent":0,"menu_order":0,"comment_status":"closed","ping_status":"closed","template":"","meta":{"footnotes":"","_links_to":"","_links_to_target":""},"class_list":["post-32","page","type-page","status-publish","has-post-thumbnail","hentry"],"yoast_head":"<!-- This site is optimized with the Yoast SEO plugin v23.2 - https:\/\/yoast.com\/wordpress\/plugins\/seo\/ -->\n<title>Coaching, Mentoring, Outplacement - Izabela Chojnacka - Naskr\u0119t Consulting<\/title>\n<meta name=\"description\" content=\"coaching mocnych stron, coaching kariery, doradztwo kariery, wsparcie w rozwoju, coaching szcz\u0119\u015bcia coaching przyw\u00f3dztwa\" \/>\n<meta name=\"robots\" content=\"index, follow, max-snippet:-1, max-image-preview:large, max-video-preview:-1\" \/>\n<link rel=\"canonical\" href=\"https:\/\/www.chojnackanaskret.pl\/index.php\/doradztwo-i-coaching\/\" \/>\n<meta property=\"og:locale\" content=\"pl_PL\" \/>\n<meta property=\"og:type\" content=\"article\" \/>\n<meta property=\"og:title\" content=\"Coaching, Mentoring, Outplacement - Izabela Chojnacka - Naskr\u0119t Consulting\" \/>\n<meta property=\"og:description\" content=\"coaching mocnych stron, coaching kariery, doradztwo kariery, wsparcie w rozwoju, coaching szcz\u0119\u015bcia coaching przyw\u00f3dztwa\" \/>\n<meta property=\"og:url\" content=\"https:\/\/www.chojnackanaskret.pl\/index.php\/doradztwo-i-coaching\/\" \/>\n<meta property=\"og:site_name\" content=\"Izabela Chojnacka - Naskr\u0119t Consulting\" \/>\n<meta property=\"article:modified_time\" content=\"2025-01-16T13:48:43+00:00\" \/>\n<meta property=\"og:image\" content=\"http:\/\/www.chojnackanaskret.pl\/wp-content\/uploads\/2020\/10\/gory-scaled.jpg\" \/>\n\t<meta property=\"og:image:width\" content=\"2560\" \/>\n\t<meta property=\"og:image:height\" content=\"1920\" \/>\n\t<meta property=\"og:image:type\" content=\"image\/jpeg\" \/>\n<meta name=\"twitter:card\" content=\"summary_large_image\" \/>\n<meta name=\"twitter:label1\" content=\"Szacowany czas czytania\" \/>\n\t<meta name=\"twitter:data1\" content=\"2 minuty\" \/>\n<script type=\"application\/ld+json\" class=\"yoast-schema-graph\">{\"@context\":\"https:\/\/schema.org\",\"@graph\":[{\"@type\":\"WebPage\",\"@id\":\"https:\/\/www.chojnackanaskret.pl\/index.php\/doradztwo-i-coaching\/\",\"url\":\"https:\/\/www.chojnackanaskret.pl\/index.php\/doradztwo-i-coaching\/\",\"name\":\"Coaching, Mentoring, Outplacement - Izabela Chojnacka - Naskr\u0119t Consulting\",\"isPartOf\":{\"@id\":\"https:\/\/www.chojnackanaskret.pl\/#website\"},\"primaryImageOfPage\":{\"@id\":\"https:\/\/www.chojnackanaskret.pl\/index.php\/doradztwo-i-coaching\/#primaryimage\"},\"image\":{\"@id\":\"https:\/\/www.chojnackanaskret.pl\/index.php\/doradztwo-i-coaching\/#primaryimage\"},\"thumbnailUrl\":\"https:\/\/www.chojnackanaskret.pl\/wp-content\/uploads\/2020\/10\/gory-scaled.jpg\",\"datePublished\":\"2020-10-16T23:19:18+00:00\",\"dateModified\":\"2025-01-16T13:48:43+00:00\",\"description\":\"coaching mocnych stron, coaching kariery, doradztwo kariery, wsparcie w rozwoju, coaching szcz\u0119\u015bcia coaching przyw\u00f3dztwa\",\"breadcrumb\":{\"@id\":\"https:\/\/www.chojnackanaskret.pl\/index.php\/doradztwo-i-coaching\/#breadcrumb\"},\"inLanguage\":\"pl-PL\",\"potentialAction\":[{\"@type\":\"ReadAction\",\"target\":[\"https:\/\/www.chojnackanaskret.pl\/index.php\/doradztwo-i-coaching\/\"]}]},{\"@type\":\"ImageObject\",\"inLanguage\":\"pl-PL\",\"@id\":\"https:\/\/www.chojnackanaskret.pl\/index.php\/doradztwo-i-coaching\/#primaryimage\",\"url\":\"https:\/\/www.chojnackanaskret.pl\/wp-content\/uploads\/2020\/10\/gory-scaled.jpg\",\"contentUrl\":\"https:\/\/www.chojnackanaskret.pl\/wp-content\/uploads\/2020\/10\/gory-scaled.jpg\",\"width\":2560,\"height\":1920},{\"@type\":\"BreadcrumbList\",\"@id\":\"https:\/\/www.chojnackanaskret.pl\/index.php\/doradztwo-i-coaching\/#breadcrumb\",\"itemListElement\":[{\"@type\":\"ListItem\",\"position\":1,\"name\":\"Strona g\u0142\u00f3wna\",\"item\":\"https:\/\/www.chojnackanaskret.pl\/\"},{\"@type\":\"ListItem\",\"position\":2,\"name\":\"Coaching, Mentoring, Outplacement\"}]},{\"@type\":\"WebSite\",\"@id\":\"https:\/\/www.chojnackanaskret.pl\/#website\",\"url\":\"https:\/\/www.chojnackanaskret.pl\/\",\"name\":\"Izabela Chojnacka - Naskr\u0119t Consulting\",\"description\":\"Neuroregeneracja. Lepsze relacje. Wi\u0119ksza efektywno\u015b\u0107.\",\"publisher\":{\"@id\":\"https:\/\/www.chojnackanaskret.pl\/#\/schema\/person\/5a5f146d235eed4f0e1a45497b392c61\"},\"potentialAction\":[{\"@type\":\"SearchAction\",\"target\":{\"@type\":\"EntryPoint\",\"urlTemplate\":\"https:\/\/www.chojnackanaskret.pl\/?s={search_term_string}\"},\"query-input\":\"required name=search_term_string\"}],\"inLanguage\":\"pl-PL\"},{\"@type\":[\"Person\",\"Organization\"],\"@id\":\"https:\/\/www.chojnackanaskret.pl\/#\/schema\/person\/5a5f146d235eed4f0e1a45497b392c61\",\"name\":\"admin\",\"image\":{\"@type\":\"ImageObject\",\"inLanguage\":\"pl-PL\",\"@id\":\"https:\/\/www.chojnackanaskret.pl\/#\/schema\/person\/image\/\",\"url\":\"https:\/\/secure.gravatar.com\/avatar\/7a3e135b161b9512653ea3810f76480f49e61ef8f5feaedac395abeb2e0b9660?s=96&d=mm&r=g\",\"contentUrl\":\"https:\/\/secure.gravatar.com\/avatar\/7a3e135b161b9512653ea3810f76480f49e61ef8f5feaedac395abeb2e0b9660?s=96&d=mm&r=g\",\"caption\":\"admin\"},\"logo\":{\"@id\":\"https:\/\/www.chojnackanaskret.pl\/#\/schema\/person\/image\/\"},\"sameAs\":[\"http:\/\/www.chojnackanaskret.pl\"]}]}<\/script>\n<!-- \/ Yoast SEO plugin. -->","yoast_head_json":{"title":"Coaching, Mentoring, Outplacement - Izabela Chojnacka - Naskr\u0119t Consulting","description":"coaching mocnych stron, coaching kariery, doradztwo kariery, wsparcie w rozwoju, coaching szcz\u0119\u015bcia coaching przyw\u00f3dztwa","robots":{"index":"index","follow":"follow","max-snippet":"max-snippet:-1","max-image-preview":"max-image-preview:large","max-video-preview":"max-video-preview:-1"},"canonical":"https:\/\/www.chojnackanaskret.pl\/index.php\/doradztwo-i-coaching\/","og_locale":"pl_PL","og_type":"article","og_title":"Coaching, Mentoring, Outplacement - Izabela Chojnacka - Naskr\u0119t Consulting","og_description":"coaching mocnych stron, coaching kariery, doradztwo kariery, wsparcie w rozwoju, coaching szcz\u0119\u015bcia coaching przyw\u00f3dztwa","og_url":"https:\/\/www.chojnackanaskret.pl\/index.php\/doradztwo-i-coaching\/","og_site_name":"Izabela Chojnacka - Naskr\u0119t Consulting","article_modified_time":"2025-01-16T13:48:43+00:00","og_image":[{"width":2560,"height":1920,"url":"http:\/\/www.chojnackanaskret.pl\/wp-content\/uploads\/2020\/10\/gory-scaled.jpg","type":"image\/jpeg"}],"twitter_card":"summary_large_image","twitter_misc":{"Szacowany czas czytania":"2 minuty"},"schema":{"@context":"https:\/\/schema.org","@graph":[{"@type":"WebPage","@id":"https:\/\/www.chojnackanaskret.pl\/index.php\/doradztwo-i-coaching\/","url":"https:\/\/www.chojnackanaskret.pl\/index.php\/doradztwo-i-coaching\/","name":"Coaching, Mentoring, Outplacement - Izabela Chojnacka - Naskr\u0119t Consulting","isPartOf":{"@id":"https:\/\/www.chojnackanaskret.pl\/#website"},"primaryImageOfPage":{"@id":"https:\/\/www.chojnackanaskret.pl\/index.php\/doradztwo-i-coaching\/#primaryimage"},"image":{"@id":"https:\/\/www.chojnackanaskret.pl\/index.php\/doradztwo-i-coaching\/#primaryimage"},"thumbnailUrl":"https:\/\/www.chojnackanaskret.pl\/wp-content\/uploads\/2020\/10\/gory-scaled.jpg","datePublished":"2020-10-16T23:19:18+00:00","dateModified":"2025-01-16T13:48:43+00:00","description":"coaching mocnych stron, coaching kariery, doradztwo kariery, wsparcie w rozwoju, coaching szcz\u0119\u015bcia coaching przyw\u00f3dztwa","breadcrumb":{"@id":"https:\/\/www.chojnackanaskret.pl\/index.php\/doradztwo-i-coaching\/#breadcrumb"},"inLanguage":"pl-PL","potentialAction":[{"@type":"ReadAction","target":["https:\/\/www.chojnackanaskret.pl\/index.php\/doradztwo-i-coaching\/"]}]},{"@type":"ImageObject","inLanguage":"pl-PL","@id":"https:\/\/www.chojnackanaskret.pl\/index.php\/doradztwo-i-coaching\/#primaryimage","url":"https:\/\/www.chojnackanaskret.pl\/wp-content\/uploads\/2020\/10\/gory-scaled.jpg","contentUrl":"https:\/\/www.chojnackanaskret.pl\/wp-content\/uploads\/2020\/10\/gory-scaled.jpg","width":2560,"height":1920},{"@type":"BreadcrumbList","@id":"https:\/\/www.chojnackanaskret.pl\/index.php\/doradztwo-i-coaching\/#breadcrumb","itemListElement":[{"@type":"ListItem","position":1,"name":"Strona g\u0142\u00f3wna","item":"https:\/\/www.chojnackanaskret.pl\/"},{"@type":"ListItem","position":2,"name":"Coaching, Mentoring, Outplacement"}]},{"@type":"WebSite","@id":"https:\/\/www.chojnackanaskret.pl\/#website","url":"https:\/\/www.chojnackanaskret.pl\/","name":"Izabela Chojnacka - Naskr\u0119t Consulting","description":"Neuroregeneracja. Lepsze relacje. Wi\u0119ksza efektywno\u015b\u0107.","publisher":{"@id":"https:\/\/www.chojnackanaskret.pl\/#\/schema\/person\/5a5f146d235eed4f0e1a45497b392c61"},"potentialAction":[{"@type":"SearchAction","target":{"@type":"EntryPoint","urlTemplate":"https:\/\/www.chojnackanaskret.pl\/?s={search_term_string}"},"query-input":"required name=search_term_string"}],"inLanguage":"pl-PL"},{"@type":["Person","Organization"],"@id":"https:\/\/www.chojnackanaskret.pl\/#\/schema\/person\/5a5f146d235eed4f0e1a45497b392c61","name":"admin","image":{"@type":"ImageObject","inLanguage":"pl-PL","@id":"https:\/\/www.chojnackanaskret.pl\/#\/schema\/person\/image\/","url":"https:\/\/secure.gravatar.com\/avatar\/7a3e135b161b9512653ea3810f76480f49e61ef8f5feaedac395abeb2e0b9660?s=96&d=mm&r=g","contentUrl":"https:\/\/secure.gravatar.com\/avatar\/7a3e135b161b9512653ea3810f76480f49e61ef8f5feaedac395abeb2e0b9660?s=96&d=mm&r=g","caption":"admin"},"logo":{"@id":"https:\/\/www.chojnackanaskret.pl\/#\/schema\/person\/image\/"},"sameAs":["http:\/\/www.chojnackanaskret.pl"]}]}},"jetpack_sharing_enabled":true,"_links":{"self":[{"href":"https:\/\/www.chojnackanaskret.pl\/index.php\/wp-json\/wp\/v2\/pages\/32","targetHints":{"allow":["GET"]}}],"collection":[{"href":"https:\/\/www.chojnackanaskret.pl\/index.php\/wp-json\/wp\/v2\/pages"}],"about":[{"href":"https:\/\/www.chojnackanaskret.pl\/index.php\/wp-json\/wp\/v2\/types\/page"}],"author":[{"embeddable":true,"href":"https:\/\/www.chojnackanaskret.pl\/index.php\/wp-json\/wp\/v2\/users\/1"}],"replies":[{"embeddable":true,"href":"https:\/\/www.chojnackanaskret.pl\/index.php\/wp-json\/wp\/v2\/comments?post=32"}],"version-history":[{"count":20,"href":"https:\/\/www.chojnackanaskret.pl\/index.php\/wp-json\/wp\/v2\/pages\/32\/revisions"}],"predecessor-version":[{"id":435,"href":"https:\/\/www.chojnackanaskret.pl\/index.php\/wp-json\/wp\/v2\/pages\/32\/revisions\/435"}],"wp:featuredmedia":[{"embeddable":true,"href":"https:\/\/www.chojnackanaskret.pl\/index.php\/wp-json\/wp\/v2\/media\/68"}],"wp:attachment":[{"href":"https:\/\/www.chojnackanaskret.pl\/index.php\/wp-json\/wp\/v2\/media?parent=32"}],"curies":[{"name":"wp","href":"https:\/\/api.w.org\/{rel}","templated":true}]}}