{"id":10,"date":"2020-10-16T23:07:48","date_gmt":"2020-10-16T23:07:48","guid":{"rendered":"http:\/\/www.chojnackanaskret.pl\/?page_id=10"},"modified":"2025-01-16T14:03:49","modified_gmt":"2025-01-16T14:03:49","slug":"kontakt-szkolenia-z-komunikacji-radzenia-sobie-ze-stresem","status":"publish","type":"page","link":"https:\/\/www.chojnackanaskret.pl\/index.php\/kontakt-szkolenia-z-komunikacji-radzenia-sobie-ze-stresem\/","title":{"rendered":"Kontakt"},"content":{"rendered":"\n<p>mail: izabela@chojnackanaskret.pl<\/p>\n\n\n\n<p>telefon: 502 602 255<\/p>\n\n\n\n<p><\/p>\n\n\n\n<p><\/p>\n\n\n\n<figure class=\"wp-block-image size-large is-resized\"><img loading=\"lazy\" decoding=\"async\" src=\"https:\/\/www.chojnackanaskret.pl\/wp-content\/uploads\/2024\/01\/CONSULTING-LoGO-FINAL.png\" alt=\"\" class=\"wp-image-343\" width=\"125\" height=\"125\" srcset=\"https:\/\/www.chojnackanaskret.pl\/wp-content\/uploads\/2024\/01\/CONSULTING-LoGO-FINAL.png 500w, https:\/\/www.chojnackanaskret.pl\/wp-content\/uploads\/2024\/01\/CONSULTING-LoGO-FINAL-300x300.png 300w, https:\/\/www.chojnackanaskret.pl\/wp-content\/uploads\/2024\/01\/CONSULTING-LoGO-FINAL-150x150.png 150w, https:\/\/www.chojnackanaskret.pl\/wp-content\/uploads\/2024\/01\/CONSULTING-LoGO-FINAL-100x100.png 100w\" sizes=\"auto, (max-width: 125px) 100vw, 125px\" \/><\/figure>\n\n\n\n<p>IChN Consulting<\/p>\n\n\n\n<p><\/p>\n\n\n\n<p>NIP  584 132 00 59<\/p>\n\n\n\n<p><\/p>\n\n\n\n<p>Numer rachunku bankowego: <\/p>\n\n\n\n<p>10 1240 6380 1111 0010 9918 5092<\/p>\n\n\n\n<p><\/p>\n\n\n\n\n\n<p>Zapraszam na m\u00f3j fanpage:<\/p>\n\n\n\n<p><a href=\"https:\/\/www.facebook.com\/rozwijajswojeskrzydla\">https:\/\/www.facebook.com\/rozwijajswojeskrzydla<\/a><\/p>\n","protected":false},"excerpt":{"rendered":"<p>mail: izabela@chojnackanaskret.pl telefon: 502 602 255 IChN Consulting NIP 584 132 00 59 Numer rachunku bankowego: 10 1240 6380 1111 0010 9918 5092 Zapraszam na m\u00f3j fanpage: https:\/\/www.facebook.com\/rozwijajswojeskrzydla<\/p>\n","protected":false},"author":1,"featured_media":52,"parent":0,"menu_order":0,"comment_status":"closed","ping_status":"closed","template":"","meta":{"footnotes":"","_links_to":"","_links_to_target":""},"class_list":["post-10","page","type-page","status-publish","has-post-thumbnail","hentry"],"yoast_head":"<!-- This site is optimized with the Yoast SEO plugin v23.2 - https:\/\/yoast.com\/wordpress\/plugins\/seo\/ -->\n<title>Kontakt - Izabela Chojnacka - Naskr\u0119t Consulting<\/title>\n<meta name=\"description\" content=\"Szkolenia: komunikacja empatyczna, radzenie sobie ze stresem i coaching mocnych stron pomog\u0105 Ci osi\u0105gn\u0105\u0107 sukces i harmoni\u0119 w \u017cyciu zawodowym i prywatnym. Sprawd\u017a nasze programy!&quot;\" \/>\n<meta name=\"robots\" content=\"index, follow, max-snippet:-1, max-image-preview:large, max-video-preview:-1\" \/>\n<link rel=\"canonical\" href=\"https:\/\/www.chojnackanaskret.pl\/index.php\/kontakt-szkolenia-z-komunikacji-radzenia-sobie-ze-stresem\/\" \/>\n<meta property=\"og:locale\" content=\"pl_PL\" \/>\n<meta property=\"og:type\" content=\"article\" \/>\n<meta property=\"og:title\" content=\"Kontakt - Izabela Chojnacka - Naskr\u0119t Consulting\" \/>\n<meta property=\"og:description\" content=\"Szkolenia: komunikacja empatyczna, radzenie sobie ze stresem i coaching mocnych stron pomog\u0105 Ci osi\u0105gn\u0105\u0107 sukces i harmoni\u0119 w \u017cyciu zawodowym i prywatnym. Sprawd\u017a nasze programy!&quot;\" \/>\n<meta property=\"og:url\" content=\"https:\/\/www.chojnackanaskret.pl\/index.php\/kontakt-szkolenia-z-komunikacji-radzenia-sobie-ze-stresem\/\" \/>\n<meta property=\"og:site_name\" content=\"Izabela Chojnacka - Naskr\u0119t Consulting\" \/>\n<meta property=\"article:modified_time\" content=\"2025-01-16T14:03:49+00:00\" \/>\n<meta property=\"og:image\" content=\"http:\/\/www.chojnackanaskret.pl\/wp-content\/uploads\/2020\/10\/P1077707-scaled.jpg\" \/>\n\t<meta property=\"og:image:width\" content=\"2560\" \/>\n\t<meta property=\"og:image:height\" content=\"1920\" \/>\n\t<meta property=\"og:image:type\" content=\"image\/jpeg\" \/>\n<meta name=\"twitter:card\" content=\"summary_large_image\" \/>\n<meta name=\"twitter:label1\" content=\"Szacowany czas czytania\" \/>\n\t<meta name=\"twitter:data1\" content=\"1 minuta\" \/>\n<script type=\"application\/ld+json\" class=\"yoast-schema-graph\">{\"@context\":\"https:\/\/schema.org\",\"@graph\":[{\"@type\":\"WebPage\",\"@id\":\"https:\/\/www.chojnackanaskret.pl\/index.php\/kontakt-szkolenia-z-komunikacji-radzenia-sobie-ze-stresem\/\",\"url\":\"https:\/\/www.chojnackanaskret.pl\/index.php\/kontakt-szkolenia-z-komunikacji-radzenia-sobie-ze-stresem\/\",\"name\":\"Kontakt - Izabela Chojnacka - Naskr\u0119t Consulting\",\"isPartOf\":{\"@id\":\"https:\/\/www.chojnackanaskret.pl\/#website\"},\"primaryImageOfPage\":{\"@id\":\"https:\/\/www.chojnackanaskret.pl\/index.php\/kontakt-szkolenia-z-komunikacji-radzenia-sobie-ze-stresem\/#primaryimage\"},\"image\":{\"@id\":\"https:\/\/www.chojnackanaskret.pl\/index.php\/kontakt-szkolenia-z-komunikacji-radzenia-sobie-ze-stresem\/#primaryimage\"},\"thumbnailUrl\":\"https:\/\/www.chojnackanaskret.pl\/wp-content\/uploads\/2020\/10\/P1077707-scaled.jpg\",\"datePublished\":\"2020-10-16T23:07:48+00:00\",\"dateModified\":\"2025-01-16T14:03:49+00:00\",\"description\":\"Szkolenia: komunikacja empatyczna, radzenie sobie ze stresem i coaching mocnych stron pomog\u0105 Ci osi\u0105gn\u0105\u0107 sukces i harmoni\u0119 w \u017cyciu zawodowym i prywatnym. Sprawd\u017a nasze programy!\\\"\",\"breadcrumb\":{\"@id\":\"https:\/\/www.chojnackanaskret.pl\/index.php\/kontakt-szkolenia-z-komunikacji-radzenia-sobie-ze-stresem\/#breadcrumb\"},\"inLanguage\":\"pl-PL\",\"potentialAction\":[{\"@type\":\"ReadAction\",\"target\":[\"https:\/\/www.chojnackanaskret.pl\/index.php\/kontakt-szkolenia-z-komunikacji-radzenia-sobie-ze-stresem\/\"]}]},{\"@type\":\"ImageObject\",\"inLanguage\":\"pl-PL\",\"@id\":\"https:\/\/www.chojnackanaskret.pl\/index.php\/kontakt-szkolenia-z-komunikacji-radzenia-sobie-ze-stresem\/#primaryimage\",\"url\":\"https:\/\/www.chojnackanaskret.pl\/wp-content\/uploads\/2020\/10\/P1077707-scaled.jpg\",\"contentUrl\":\"https:\/\/www.chojnackanaskret.pl\/wp-content\/uploads\/2020\/10\/P1077707-scaled.jpg\",\"width\":2560,\"height\":1920},{\"@type\":\"BreadcrumbList\",\"@id\":\"https:\/\/www.chojnackanaskret.pl\/index.php\/kontakt-szkolenia-z-komunikacji-radzenia-sobie-ze-stresem\/#breadcrumb\",\"itemListElement\":[{\"@type\":\"ListItem\",\"position\":1,\"name\":\"Strona g\u0142\u00f3wna\",\"item\":\"https:\/\/www.chojnackanaskret.pl\/\"},{\"@type\":\"ListItem\",\"position\":2,\"name\":\"Kontakt\"}]},{\"@type\":\"WebSite\",\"@id\":\"https:\/\/www.chojnackanaskret.pl\/#website\",\"url\":\"https:\/\/www.chojnackanaskret.pl\/\",\"name\":\"Izabela Chojnacka - Naskr\u0119t Consulting\",\"description\":\"Neuroregeneracja. Lepsze relacje. Wi\u0119ksza efektywno\u015b\u0107.\",\"publisher\":{\"@id\":\"https:\/\/www.chojnackanaskret.pl\/#\/schema\/person\/5a5f146d235eed4f0e1a45497b392c61\"},\"potentialAction\":[{\"@type\":\"SearchAction\",\"target\":{\"@type\":\"EntryPoint\",\"urlTemplate\":\"https:\/\/www.chojnackanaskret.pl\/?s={search_term_string}\"},\"query-input\":\"required name=search_term_string\"}],\"inLanguage\":\"pl-PL\"},{\"@type\":[\"Person\",\"Organization\"],\"@id\":\"https:\/\/www.chojnackanaskret.pl\/#\/schema\/person\/5a5f146d235eed4f0e1a45497b392c61\",\"name\":\"admin\",\"image\":{\"@type\":\"ImageObject\",\"inLanguage\":\"pl-PL\",\"@id\":\"https:\/\/www.chojnackanaskret.pl\/#\/schema\/person\/image\/\",\"url\":\"https:\/\/secure.gravatar.com\/avatar\/7a3e135b161b9512653ea3810f76480f49e61ef8f5feaedac395abeb2e0b9660?s=96&d=mm&r=g\",\"contentUrl\":\"https:\/\/secure.gravatar.com\/avatar\/7a3e135b161b9512653ea3810f76480f49e61ef8f5feaedac395abeb2e0b9660?s=96&d=mm&r=g\",\"caption\":\"admin\"},\"logo\":{\"@id\":\"https:\/\/www.chojnackanaskret.pl\/#\/schema\/person\/image\/\"},\"sameAs\":[\"http:\/\/www.chojnackanaskret.pl\"]}]}<\/script>\n<!-- \/ Yoast SEO plugin. -->","yoast_head_json":{"title":"Kontakt - Izabela Chojnacka - Naskr\u0119t Consulting","description":"Szkolenia: komunikacja empatyczna, radzenie sobie ze stresem i coaching mocnych stron pomog\u0105 Ci osi\u0105gn\u0105\u0107 sukces i harmoni\u0119 w \u017cyciu zawodowym i prywatnym. Sprawd\u017a nasze programy!\"","robots":{"index":"index","follow":"follow","max-snippet":"max-snippet:-1","max-image-preview":"max-image-preview:large","max-video-preview":"max-video-preview:-1"},"canonical":"https:\/\/www.chojnackanaskret.pl\/index.php\/kontakt-szkolenia-z-komunikacji-radzenia-sobie-ze-stresem\/","og_locale":"pl_PL","og_type":"article","og_title":"Kontakt - Izabela Chojnacka - Naskr\u0119t Consulting","og_description":"Szkolenia: komunikacja empatyczna, radzenie sobie ze stresem i coaching mocnych stron pomog\u0105 Ci osi\u0105gn\u0105\u0107 sukces i harmoni\u0119 w \u017cyciu zawodowym i prywatnym. Sprawd\u017a nasze programy!\"","og_url":"https:\/\/www.chojnackanaskret.pl\/index.php\/kontakt-szkolenia-z-komunikacji-radzenia-sobie-ze-stresem\/","og_site_name":"Izabela Chojnacka - Naskr\u0119t Consulting","article_modified_time":"2025-01-16T14:03:49+00:00","og_image":[{"width":2560,"height":1920,"url":"http:\/\/www.chojnackanaskret.pl\/wp-content\/uploads\/2020\/10\/P1077707-scaled.jpg","type":"image\/jpeg"}],"twitter_card":"summary_large_image","twitter_misc":{"Szacowany czas czytania":"1 minuta"},"schema":{"@context":"https:\/\/schema.org","@graph":[{"@type":"WebPage","@id":"https:\/\/www.chojnackanaskret.pl\/index.php\/kontakt-szkolenia-z-komunikacji-radzenia-sobie-ze-stresem\/","url":"https:\/\/www.chojnackanaskret.pl\/index.php\/kontakt-szkolenia-z-komunikacji-radzenia-sobie-ze-stresem\/","name":"Kontakt - Izabela Chojnacka - Naskr\u0119t Consulting","isPartOf":{"@id":"https:\/\/www.chojnackanaskret.pl\/#website"},"primaryImageOfPage":{"@id":"https:\/\/www.chojnackanaskret.pl\/index.php\/kontakt-szkolenia-z-komunikacji-radzenia-sobie-ze-stresem\/#primaryimage"},"image":{"@id":"https:\/\/www.chojnackanaskret.pl\/index.php\/kontakt-szkolenia-z-komunikacji-radzenia-sobie-ze-stresem\/#primaryimage"},"thumbnailUrl":"https:\/\/www.chojnackanaskret.pl\/wp-content\/uploads\/2020\/10\/P1077707-scaled.jpg","datePublished":"2020-10-16T23:07:48+00:00","dateModified":"2025-01-16T14:03:49+00:00","description":"Szkolenia: komunikacja empatyczna, radzenie sobie ze stresem i coaching mocnych stron pomog\u0105 Ci osi\u0105gn\u0105\u0107 sukces i harmoni\u0119 w \u017cyciu zawodowym i prywatnym. Sprawd\u017a nasze programy!\"","breadcrumb":{"@id":"https:\/\/www.chojnackanaskret.pl\/index.php\/kontakt-szkolenia-z-komunikacji-radzenia-sobie-ze-stresem\/#breadcrumb"},"inLanguage":"pl-PL","potentialAction":[{"@type":"ReadAction","target":["https:\/\/www.chojnackanaskret.pl\/index.php\/kontakt-szkolenia-z-komunikacji-radzenia-sobie-ze-stresem\/"]}]},{"@type":"ImageObject","inLanguage":"pl-PL","@id":"https:\/\/www.chojnackanaskret.pl\/index.php\/kontakt-szkolenia-z-komunikacji-radzenia-sobie-ze-stresem\/#primaryimage","url":"https:\/\/www.chojnackanaskret.pl\/wp-content\/uploads\/2020\/10\/P1077707-scaled.jpg","contentUrl":"https:\/\/www.chojnackanaskret.pl\/wp-content\/uploads\/2020\/10\/P1077707-scaled.jpg","width":2560,"height":1920},{"@type":"BreadcrumbList","@id":"https:\/\/www.chojnackanaskret.pl\/index.php\/kontakt-szkolenia-z-komunikacji-radzenia-sobie-ze-stresem\/#breadcrumb","itemListElement":[{"@type":"ListItem","position":1,"name":"Strona g\u0142\u00f3wna","item":"https:\/\/www.chojnackanaskret.pl\/"},{"@type":"ListItem","position":2,"name":"Kontakt"}]},{"@type":"WebSite","@id":"https:\/\/www.chojnackanaskret.pl\/#website","url":"https:\/\/www.chojnackanaskret.pl\/","name":"Izabela Chojnacka - Naskr\u0119t Consulting","description":"Neuroregeneracja. Lepsze relacje. Wi\u0119ksza efektywno\u015b\u0107.","publisher":{"@id":"https:\/\/www.chojnackanaskret.pl\/#\/schema\/person\/5a5f146d235eed4f0e1a45497b392c61"},"potentialAction":[{"@type":"SearchAction","target":{"@type":"EntryPoint","urlTemplate":"https:\/\/www.chojnackanaskret.pl\/?s={search_term_string}"},"query-input":"required name=search_term_string"}],"inLanguage":"pl-PL"},{"@type":["Person","Organization"],"@id":"https:\/\/www.chojnackanaskret.pl\/#\/schema\/person\/5a5f146d235eed4f0e1a45497b392c61","name":"admin","image":{"@type":"ImageObject","inLanguage":"pl-PL","@id":"https:\/\/www.chojnackanaskret.pl\/#\/schema\/person\/image\/","url":"https:\/\/secure.gravatar.com\/avatar\/7a3e135b161b9512653ea3810f76480f49e61ef8f5feaedac395abeb2e0b9660?s=96&d=mm&r=g","contentUrl":"https:\/\/secure.gravatar.com\/avatar\/7a3e135b161b9512653ea3810f76480f49e61ef8f5feaedac395abeb2e0b9660?s=96&d=mm&r=g","caption":"admin"},"logo":{"@id":"https:\/\/www.chojnackanaskret.pl\/#\/schema\/person\/image\/"},"sameAs":["http:\/\/www.chojnackanaskret.pl"]}]}},"jetpack_sharing_enabled":true,"_links":{"self":[{"href":"https:\/\/www.chojnackanaskret.pl\/index.php\/wp-json\/wp\/v2\/pages\/10","targetHints":{"allow":["GET"]}}],"collection":[{"href":"https:\/\/www.chojnackanaskret.pl\/index.php\/wp-json\/wp\/v2\/pages"}],"about":[{"href":"https:\/\/www.chojnackanaskret.pl\/index.php\/wp-json\/wp\/v2\/types\/page"}],"author":[{"embeddable":true,"href":"https:\/\/www.chojnackanaskret.pl\/index.php\/wp-json\/wp\/v2\/users\/1"}],"replies":[{"embeddable":true,"href":"https:\/\/www.chojnackanaskret.pl\/index.php\/wp-json\/wp\/v2\/comments?post=10"}],"version-history":[{"count":10,"href":"https:\/\/www.chojnackanaskret.pl\/index.php\/wp-json\/wp\/v2\/pages\/10\/revisions"}],"predecessor-version":[{"id":345,"href":"https:\/\/www.chojnackanaskret.pl\/index.php\/wp-json\/wp\/v2\/pages\/10\/revisions\/345"}],"wp:featuredmedia":[{"embeddable":true,"href":"https:\/\/www.chojnackanaskret.pl\/index.php\/wp-json\/wp\/v2\/media\/52"}],"wp:attachment":[{"href":"https:\/\/www.chojnackanaskret.pl\/index.php\/wp-json\/wp\/v2\/media?parent=10"}],"curies":[{"name":"wp","href":"https:\/\/api.w.org\/{rel}","templated":true}]}}